hat is the tens digit of 104506?
0
What is the units digit of 8462?
2
What is the thousands digit of 1591?
1
What is the thousands digit of 6436?
6
What is the tens digit of 256?
5
What is the tens digit of 760?
6
What is the units digit of 1214?
4
What is the thousands digit of 5379?
5
What is the tens digit of 27726?
2
What is the hundreds digit of 67710?
7
What is the thousands digit of 2472?
2
What is the ten thousands digit of 15334?
1
What is the units digit of 1927?
7
What is the thousands digit of 6061?
6
What is the thousands digit of 1253?
1
What is the tens digit of 266?
6
What is the thousands digit of 6485?
6
What is the tens digit of 24622?
2
What is the tens digit of 1116?
1
What is the hundreds digit of 1676?
6
What is the tens digit of 105?
0
What is the units digit of 122290?
0
What is the units digit of 171219?
9
What is the tens digit of 617?
1
What is the ten thousands digit of 91878?
9
What is the hundred thousands digit of 125758?
1
What is the units digit of 1030?
0
What is the units digit of 2804?
4
What is the tens digit of 837?
3
What is the thousands digit of 4362?
4
What is the hundreds digit of 44846?
8
What is the units digit of 259?
9
What is the hundreds digit of 657?
6
What is the tens digit of 957?
5
What is the ten thousands digit of 110693?
1
What is the hundreds digit of 5996?
9
What is the units digit of 10194?
4
What is the thousands digit of 9131?
9
What is the tens digit of 2713?
1
What is the units digit of 5500?
0
What is the tens digit of 149478?
7
What is the hundreds digit of 84451?
4
What is the units digit of 752?
2
What is the tens digit of 3479?
7
What is the thousands digit of 1471?
1
What is the tens digit of 4388?
8
What is the ten thousands digit of 17857?
1
What is the thousands digit of 9763?
9
What is the units digit of 10754?
4
What is the thousands digit of 84718?
4
What is the ten thousands digit of 12410?
1
What is the tens digit of 5011?
1
What is the units digit of 2940?
0
What is the units digit of 2214?
4
What is the tens digit of 51365?
6
What is the hundreds digit of 6659?
6
What is the units digit of 105600?
0
What is the thousands digit of 1199?
1
What is the units digit of 68770?
0
What is the ten thousands digit of 29882?
2
What is the ten thousands digit of 29324?
2
What is the ten thousands digit of 28382?
2
What is the hundreds digit of 3009?
0
What is the tens digit of 10384?
8
What is the ten thousands digit of 36634?
3
What is the units digit of 119577?
7
What is the units digit of 77169?
9
What is the thousands digit of 1103?
1
What is the tens digit of 2263?
6
What is the units digit of 575?
5
What is the thousands digit of 5254?
5
What is the hundreds digit of 5259?
2
What is the tens digit of 86416?
1
What is the tens digit of 1877?
7
What is the thousands digit of 167192?
7
What is the hundreds digit of 12491?
4
What is the hundreds digit of 12109?
1
What is the units digit of 12045?
5
What is the hundreds digit of 7377?
3
What is the thousands digit of 3355?
3
What is the tens digit of 4151?
5
What is the tens digit of 816?
1
What is the tens digit of 75852?
5
What is the tens digit of 1206?
0
What is the tens digit of 818?
1
What is the hundreds digit of 4111?
1
What is the thousands digit of 53901?
3
What is the tens digit of 1075?
7
What is the hundreds digit of 18563?
5
What is the thousands digit of 10667?
0
What is the tens digit of 63614?
1
What is the hundreds digit of 1460?
4
What is the units digit of 698?
8
What is the thousands digit of 38445?
8
What is the units digit of 32992?
2
What is the tens digit of 1568?
6
What is the hundreds digit of 808?
8
What is the units digit of 938?
8
What is the hundreds digit of 5908?
9
What is the hundreds digit of 860?
8
What is the ten thousands digit of 44684?
4
What is the thousands digit of 70295?
0
What is the tens digit of 18373?
7
What is the thousands digit of 38177?
8
What is the units digit of 73?
3
What is the tens digit of 6034?
3
What is the hundreds digit of 349?
3
What is the hundreds digit of 134?
1
What is the units digit of 9889?
9
What is the tens digit of 7421?
2
What is the thousands digit of 12607?
2
What is the units digit of 1659?
9
What is the tens digit of 3418?
1
What is the ten thousands digit of 12199?
1
What is the units digit of 110902?
2
What is the ten thousands digit of 60981?
6
What is the hundreds digit of 82190?
1
What is the units digit of 9601?
1
What is the tens digit of 47400?
0
What is the hundreds digit of 711?
7
What is the units digit of 111?
1
What is the thousands digit of 1986?
1
What is the hundreds digit of 1086?
0
What is the thousands digit of 1247?
1
What is the units digit of 29143?
3
What is the tens digit of 37012?
1
What is the tens digit of 70?
7
What is the units digit of 3796?
6
What is the tens digit of 9740?
4
What is the ten thousands digit of 40812?
4
What is the units digit of 3969?
9
What is the ten thousands digit of 21099?
2
What is the ten thousands digit of 26223?
2
What is the tens digit of 6531?
3
What is the hundreds digit of 885?
8
What is the units digit of 3440?
0
What is the thousands digit of 196950?
6
What is the ten thousands digit of 38474?
3
What is the units digit of 57258?
8
What is the units digit of 11711?
1
What is the tens digit of 2523?
2
What is the units digit of 50056?
6
What is the hundreds digit of 32909?
9
What is the hundreds digit of 1196?
1
What is the tens digit of 505?
0
What is the tens digit of 1484?
8
What is the tens digit of 1124?
2
What is the hundreds digit of 311?
3
What is the hundreds digit of 2603?
6
What is the tens digit of 782?
8
What is the units digit of 4907?
7
What is the units digit of 44058?
8
What is the units digit of 919?
9
What is the units digit of 15856?
6
What is the units digit of 3158?
8
What is the units digit of 12754?
4
What is the hundreds digit of 449?
4
What is the hundreds digit of 1358?
3
What is the ten thousands digit of 19987?
1
What is the hundreds digit of 4361?
3
What is the hundreds digit of 12238?
2
What is the tens digit of 5195?
9
What is the ten thousands digit of 15582?
1
What is the tens digit of 28800?
0
What is the hundreds digit of 3496?
4
What is the units digit of 16892?
2
What is the hundreds digit of 2017?
0
What is the tens digit of 21153?
5
What is the hundreds digit of 7195?
1
What is the hundreds digit of 36340?
3
What is the hundreds digit of 27779?
7
What is the thousands digit of 78944?
8
What is the hundreds digit of 6096?
0
What is the thousands digit of 1996?
1
What is the tens digit of 1999?
9
What is the units digit of 9778?
8
What is the tens digit of 119581?
8
What is the tens digit of 105584?
8
What is the ten thousands digit of 28384?
2
What is the hundreds digit of 21956?
9
What is the ten thousands digit of 80099?
8
What is the ten thousands digit of 26182?
2
What is the units digit of 594?
4
What is the units digit of 7?
7
What is the units digit of 37275?
5
What is the tens digit of 861?
6
What is the tens digit of 11600?
0
What is the hundreds digit of 9992?
9
What is the units digit of 2421?
1
What is the units digit of 26919?
9
What is the units digit of 407?
7
What is the hundreds digit of 37189?
1
What is the tens digit of 2754?
5
What is the hundred thousands digit of 102945?
1
What is the units digit of 502?
2
What is the hundreds digit of 976?
9
What is the tens digit of 2162?
6
What is the tens digit of 17017?
1
What is the hundreds digit of 4821?
8
What is the tens digit of 7871?
7
What is the hundreds digit of 37158?
1
What is the units digit of 12?
2
What is the thousands digit of 1525?
1
What is the thousands digit of 1958?
1
What is the tens digit of 4507?
0
What is the units digit of 32157?
7
What is the units digit of 4106?
6
What is the tens digit of 219?
1
What is the units digit of 2568?
8
What is the units digit of 51?
1
What is the hundreds digit of 1281?
2
What is the units digit of 5050?
0
What is the units digit of 88553?
3
What is the ten thousands digit of 33583?
3
What is the tens digit of 45648?
4
What is the ten thousands digit of 61584?
6
What is the hundreds digit of 1358?
3
What is the units digit of 111?
1
What is the thousands digit of 8359?
8
What is the ten thousands digit of 54375?
5
What is the un